9074258)) a prime number?
True
Suppose -32 = 4*j - 20, 0 = 4*h + 4*j - 325900. Is h a prime number?
False
Suppose -43*n + 29583699 + 16526189 = 21*n. Is n a prime number?
False
Let i be -57*2/(-12) - (-2)/4. Suppose 11*a - i*a = 757. Is a composite?
False
Let u be ((-4929)/106)/((-1)/6). Suppose -10*d - u = -2059. Is d composite?
True
Suppose -7*k = -2*k - 10. Suppose -k*x - 5 = -2*s - x, -1 = -2*s + 5*x. Suppose 4*p - 3748 = s*d, d = 5*d. Is p prime?
True
Let k = -97 - -86. Let n(f) = f**3 + 10*f**2 - 9*f + 25. Let c be n(k). Is 1 - c - 1*(-1 - 2360) a prime number?
False
Suppose -5*k - 28 - 27 = 3*b, 15 = -3*b. Let z = 33 + k. Suppose -z*f + 1484 = -21*f. Is f a composite number?
True
Let m = -118 + 121. Let d(u) = 1366*u - 35. Is d(m) prime?
False
Suppose 228*h + 1341802 = -0*h + 9935350. Is h prime?
True
Let h(c) = -9*c**2 - 5*c - 17. Let l(n) = 9*n**2 + 4*n + 16. Let m(o) = 4*h(o) + 5*l(o). Suppose -40*x - 39 = 241. Is m(x) a prime number?
False
Suppose 0 = -20*x + 15*x + 20. Suppose -x*h = -60 + 28. Is 2550/h - 4/(-16) composite?
True
Suppose -5*b + 168202 = y - 10443, 5*b - 4*y = 178645. Is b a prime number?
True
Let w = -20378 - -10471. Let g = -5033 - w. Is g a prime number?
False
Let k(s) = 83013*s**3 + 11*s**2 - 4*s - 6. Is k(1) composite?
True
Suppose 2*v - v - 6 = -2*j, -4*j = -4*v - 12. Suppose -2*q + 238 = -5*l - 1591, j*q = l + 2724. Is q prime?
True
Is ((-1129422)/(-147))/((-2)/(-14)) prime?
False
Let f = 429 + -413. Let r(c) = 29*c**2 - 24*c + 27. Is r(f) a composite number?
True
Suppose -4*o + 12222 = -2*c, -4*c - c + 15240 = 5*o. Let f = 1016 + o. Is (-4)/14 + f/7 a composite number?
True
Suppose 4*b - 264301 = -t, 34*b = 2*t + 33*b - 528575. Is t a prime number?
True
Let w(y) = 1532*y**2 - 153*y - 78. Is w(-11) prime?
False
Suppose -4*x - 104*m + 101*m + 1416022 = 0, -2*m + 354013 = x. Is x prime?
True
Suppose h = -8*h + 5679. Let g(a) = -a**2 - 18*a + 23. Let x be g(-19). Suppose -5*u + h = x*r, 0 = -5*u - 0*u - 5*r + 630. Is u composite?
False
Let n = 38699 - -25944. Is n composite?
True
Suppose 3*a - 3433 = -4*b, -b - 4609 = -114*a + 110*a. Is a prime?
True
Let b(o) = 5*o - 9. Let l be b(-5). Let m = l - -36. Suppose -209 = -m*t - 43. Is t a prime number?
True
Suppose -i = -a - 2, -2*i + 3*a + 9 = -0*a. Let j = -969 + -179. Is 1*i - (j - 18/3) a composite number?
False
Let f(h) = 83*h**3 + 2*h**2 + 25*h - 70. Is f(4) a composite number?
True
Let c(b) = 9419*b + 1. Let t be c(3). Suppose 10*j - 30132 = t. Is j a composite number?
False
Suppose 3*h + 8*l - 14694 = 5*l, 19543 = 4*h - 3*l. Is h a prime number?
False
Suppose 2*q = -h + 484815, -2*q + 64*h = 68*h - 484806. Is q prime?
False
Let l be 30/(-12) - (-2)/4. Is 210415/30*l*(0 - 3) prime?
True
Let p(j) = j**3 + 20*j**2 + 17*j - 38. Let c be p(-19). Suppose c = -5*i - 16 + 1. Is (i - -17)*92/8*1 composite?
True
Suppose 3*j + 9 = y, 2*j + 7 = y - 3*j. Is 1/(-3)*(8 - 5460/y) prime?
True
Let p = 5451 - 2135. Suppose -17608 = -9*u + 17*u. Let n = u + p. Is n composite?
True
Let v(c) = 50987*c**3 - 2*c**2 - 6*c + 23. Is v(2) composite?
False
Suppose 0*s - 3*s = -15, 2*m - 5*s - 29 = 0. Suppose 32*h = m*h + 5755. Is h a composite number?
False
Let j(l) = -55307*l + 880. Is j(-3) a composite number?
True
Let f be ((-25454)/(-88))/(1/4). Suppose 2*h = 2*a + 7*h - f, 2*h = 6. Is a a prime number?
True
Let h(u) = 2123*u**3 + 9*u**2 + 25*u - 68. Is h(5) a composite number?
True
Is (((-36)/(-27) + -1)/((-2)/955866))/(-1) a composite number?
False
Suppose -w = -u + 86, -u + 98 = 3*w - w. Let v = 581 - u. Is v a composite number?
False
Suppose 2*p = -3*g + 28, -4*g - 6*p + 52 = g. Suppose -g*z + 0*z + 38888 = 0. Is z composite?
False
Let q = -78 - -88. Suppose 15498 = -4*z + q*z. Suppose 8179 - z = 4*x. Is x composite?
False
Suppose 4*v - 2*v - 4 = 0. Let u be v/(-8)*2 - (-9)/2. Suppose -6*z + 518 = -u*z. Is z a composite number?
True
Suppose 0 = -3*o - 5*i - 192, -2*o = -4*o - i - 128. Let f be 7*((-328)/(-28) - -4). Let d = f + o. Is d composite?
True
Let m be (1062/12)/(6/8). Let s be (-84)/(-9) + 1/(-3). Suppose -s*z + 5489 = -m. Is z composite?
True
Let n = 350336 + -12957. Is n prime?
False
Let g = 37 - 26. Suppose 1411 = -g*m + 12*m. Is m prime?
False
Suppose -4*s + 116436 = 4*n - 75756, 5*n = -2*s + 240243. Is n a composite number?
False
Let j = 63044 - -79679. Is j a prime number?
False
Let u(t) = 45*t**3 - 80*t**2 + 8*t + 5. Is u(4) prime?
True
Suppose -4*k = -2*s - 160, -2*s - 5*k = -s + 94. Let w be s/(-20) + -4 + (-2446)/5. Let g = 68 - w. Is g composite?
False
Let w be (48/16)/(6/4) - 1905. Let i be (24 - 28)/(0 - (-2)/w). Suppose -2*p - 2*a + i = 3*a, 0 = a. Is p composite?
True
Is 612519/2 - (-1638)/252 prime?
False
Let m be 3/((-3)/(-26))*78/156. Suppose 8*v - 86667 = -m*v. Is v a prime number?
True
Let r(w) be the third derivative of w**5/60 + w**4/12 - 5*w**3/3 - 5*w**2. Let a be r(-5). Suppose 5*g - g - 1867 = -a*h, -g + 448 = 5*h. Is g a prime number?
False
Let w = 39 - 37. Let o be w*(-15)/40 - 15/(-4). Suppose -458 = -2*q - 2*m + 6*m, o*q = 2*m + 695. Is q prime?
True
Suppose 7*a - 46 = 38. Let w = a - 13. Is 1008 - (w - -4)/3 a prime number?
False
Suppose 8*u = 2*u + 1314724 + 102518. Is u a composite number?
False
Suppose d + 5*b = -3*d + 106, 3*b - 23 = -d. Suppose 22*m + 1309 = d*m. Is m prime?
False
Suppose 2452 = -18*h + 20*h. Let b = 1723 - h. Is b a composite number?
True
Suppose -8*s + 12*s = -3*a + 51236, 2*s - 3*a - 25618 = 0. Is s a prime number?
True
Let i be -2*1573/(-2)*1. Suppose 5869 = -7*b - 725. Let r = b + i. Is r prime?
True
Suppose 4*g - 3*c = 2*g + 21, 5*g - 5*c - 45 = 0. Let b(i) = 143*i**2 + 5. Is b(g) a prime number?
True
Suppose -6*w - 2*w - w = 0. Suppose -h - 1 = w, -3*x - 4*h + 58 = 20. Suppose -x*z + 113 = -13*z. Is z composite?
False
Let m = 71 - 69. Suppose -10 = -m*p, 65 = 4*f + p - 0*p. Is 20091/f + (-10)/25 prime?
False
Suppose 0 = u - 5*u + 1664. Suppose -36*y - 1215 - 2277 = 0. Let d = y + u. Is d a prime number?
False
Let s be (-296)/32 + 9 - (-153002)/8. Suppose 0 = 5*y - 11020 - s. Is y a prime number?
True
Let n(k) = -266*k + 10. Let v(p) = 0 + 2 + 1 - 53*p - 1. Let q(f) = -2*n(f) + 11*v(f). Is q(-5) a composite number?
False
Let m(r) = -17*r**2 - 11*r - 37. Let t be m(8). Is (-3 + 1)*t/2 composite?
False
Let u = 19464 - 10405. Is u composite?
False
Suppose 4039*p - 4046*p = -99701. Is p prime?
True
Suppose 2*o - 9569354 = 29*a - 44*a, -o + 3189782 = 5*a. Is a composite?
True
Let o(r) = r**3 - 18*r**2 - 19*r. Let z be o(19). Suppose -q - 2*s = -10880, z = -2*q + 3*s + 2*s + 21796. Is (3/(0 - 3))/((-8)/q) composite?
False
Suppose n + 20*f = 23*f + 20, 4*f - 32 = -4*n. Suppose -n*p = 3*p - 184310. Is p a composite number?
True
Is (28429/3)/((-9)/513*3)*-3 a prime number?
False
Suppose 7*r = 9*r + 110. Let f = r + 59. Suppose -4*j - 3*z = -2441, 2466 = f*j - 3*z + z. Is j composite?
True
Let k(z) = -272*z**3 + 4*z**2 + 20*z + 2. Let g be k(-4). Let i = g + -5797. Is i prime?
True
Let d = -15989 - -2009. Suppose f = -2*v + 18, -5 = -v - 3*f + 9. Is (d/8)/5*v/(-6) a prime number?
False
Let f(w) = -4*w**3 + 7*w**2 - 6*w. Let g be f(2). Let a(q) = -146*q + 77. Is a(g) prime?
False
Suppose -3*n - 2*s - 3*s = -13, -2*n = 3*s - 8. Let b be -191*(-12)/4*n. Suppose -16*d - b = -19*d. Is d a prime number?
True
Suppose -f + 7 = 1. Suppose l - 2*n + 11 = 0, 2*l + 5*n + 16 = f*n. Is 1*(-1 - (l - 1)) prime?
True
Suppose 2*o + 2*k - 20 = 0, -k = -o + 4*o - 26. Suppose -o*v + 28*v - 57980 = 0. Is v composite?
True
Let k(w) = -2*w**3 + w**2 + 2*w + 617. Let v be k(0). Let t(s) = -51*s**3 + 2*s**2 - s - 4. Let u be t(2). Let h = u + v. Is h a prime number?
True
Is (1330651/14)/((-26)/(-364)) composite?
True
Suppose 27*v - 4774398 - 2016453 = 0. Is v composite?
False
Suppose -929667 = -39*j + 3635512 + 173360. Is j a composite number?
False
Let s(f) = -298*f**3 - 3*f**2 - 13*f - 37. Let w be s(-3). Suppose -6*y = 3*b - 9*y - 24018, -b = 4*y - w. Is b a composite number?
False
Let b(y) = 20*y**2 + 130*y - 323. Is b(-59) a composite number?
False
Let h(r) = -13*r**3 + r**2 + 3*r - 67. Let x(f) = -11*f**3 + f**2 + 2*f - 67. Let z(m) = 5*h(m) - 6*x(m). Is z(0) a prime number?
True
Let d(q) = -5*q**3 - 2*q**2 - 2*q. Let j be d(-1). Suppose